{"id":652,"date":"2021-10-30T17:14:16","date_gmt":"2021-10-30T15:14:16","guid":{"rendered":"https:\/\/mumpark.hu\/szolgaltatasok\/?page_id=652"},"modified":"2022-05-11T19:33:20","modified_gmt":"2022-05-11T17:33:20","slug":"mi-az-all-for-mums","status":"publish","type":"page","link":"https:\/\/mumpark.hu\/szolgaltatasok\/mi-az-all-for-mums\/","title":{"rendered":"Mi az ALL FOR MUMS?"},"content":{"rendered":"\n<h2 class=\"wp-block-heading\">MI AZ ALL FOR MUMS?<\/h2>\n\n\n\n<p>Az ALL FOR MUMS oldal a <a href=\"http:\/\/MUMPARK.HU\" target=\"_blank\" rel=\"noreferrer noopener\">MUM PARK<\/a> magazin kistestv\u00e9re. <\/p>\n\n\n\n<p><mark style=\"background-color:rgba(0, 0, 0, 0);color:#db237f\" class=\"has-inline-color\"><strong>Mindk\u00e9t fel\u00fcleten a c\u00e9lunk az any\u00e1k seg\u00edt\u00e9se, mert mi t\u00e9nyleg az any\u00e1kkal vagyunk!<\/strong><\/mark><\/p>\n\n\n\n<p>Az ALL FOR MUMS oldalra azokat a szolg\u00e1ltat\u00f3kat gy\u0171jtj\u00fck, akik val\u00f3ban tudnak seg\u00edteni az any\u00e1knak. Legyenek b\u00e1rhol, legyen ak\u00e1r online, ak\u00e1r helyben l\u00e9v\u0151, ak\u00e1r h\u00e1zhozmen\u0151 a szolg\u00e1ltat\u00e1suk.<\/p>\n\n\n\n<p><\/p>\n\n\n\n<h2 class=\"wp-block-heading\">TUDJUK, HOGY ID\u0150NK\u00c9NT NAGYON NEH\u00c9Z.<\/h2>\n\n\n\n<p>Az ALL FOR MUMS az\u00e9rt j\u00f6tt l\u00e9tre, hogy ha egy anyuka v\u00e9gre mer, tud, szeretne seg\u00edts\u00e9get k\u00e9rni, k\u00f6nnyen \u00e9s gyorsan tal\u00e1ljon is sz\u00e1m\u00e1ra megfelel\u0151t, b\u00e1rhol az orsz\u00e1gban.<\/p>\n\n\n\n<p><\/p>\n\n\n\n<h2 class=\"wp-block-heading\">K\u00c9REK M\u00c9G INF\u00d3T<\/h2>\n\n\n\n<p>A szolg\u00e1ltat\u00f3i t\u00e1j\u00e9koztat\u00f3nkban megtal\u00e1lod a legfontosabb inf\u00f3kat. Ezt a <a href=\"https:\/\/mumpark.hu\/mediaajanlat\/\" target=\"_blank\" rel=\"noreferrer noopener\">M\u00c9DIAAJ\u00c1NLAT OLDALON<\/a>, lejjebb tekerve, a szolg\u00e1ltat\u00f3knak sz\u00f3l\u00f3 r\u00e9szn\u00e9l \u00e9red el. <\/p>\n\n\n\n<p>Ha egy\u00e9b k\u00e9rd\u00e9sed van, \u00edrj nek\u00fcnk b\u00e1tran, ide: mumpark@mumpark.hu.<\/p>\n\n\n\n<p><\/p>\n\n\n\n<h2 class=\"wp-block-heading\">GYORS REGISZTR\u00c1CI\u00d3<\/h2>\n\n\n\n<p>Ha nincsenek k\u00e9rd\u00e9seid, csak regisztr\u00e1lni szeretn\u00e9l, az al\u00e1bbi n\u00e9h\u00e1ny l\u00e9p\u00e9ssel m\u00e1r k\u00e9sz is leszel:<\/p>\n\n\n\n<ol><li>Jobb fels\u0151 sarokban kattints a &#8220;Bejelentkez\u00e9s&#8221; gombra, ott felj\u00f6n egy ablak, a bal als\u00f3 sark\u00e1ban kattints a &#8220;M\u00e9g nem vagy tag? Iratkozz fel itt!&#8221; feliratra \u00e9s add meg az adataidat.<\/li><li>Bejelentkez\u00e9s ut\u00e1n a jobb fels\u0151 sarokban a neved alatt megjelenik a &#8220;+ Oldal hozz\u00e1ad\u00e1sa&#8221;. Kattints ide, \u00e9s m\u00e1ris a kt\u00f6lthet\u0151 fel\u00fcletn\u00e9l vagy. T\u00f6ltsd ki az adatokat \u00e9s k\u00fcldd be j\u00f3v\u00e1hagy\u00e1sra.<\/li><li>Ha mindent rendben tal\u00e1lunk, n\u00e9h\u00e1ny napon bel\u00fcl kint lesz az oldalad, amit k\u00e9s\u0151bb b\u00e1rmikor m\u00f3dos\u00edthatsz.<\/li><\/ol>\n\n\n\n<p><\/p>\n\n\n\n<h2 class=\"wp-block-heading\">\u00c1TJ\u00c1RHAT\u00d3S\u00c1G A MAGAZINHOZ<\/h2>\n\n\n\n<p>Az ALL FOR MUMS oldalon regisztr\u00e1lt szolg\u00e1ltat\u00f3knak id\u0151r\u0151l id\u0151re teremt\u00fcnk lehet\u0151s\u00e9get arra, hogy megjelenjenek a magazinban. <\/p>\n\n\n\n<p><\/p>\n\n\n\n<h2 class=\"wp-block-heading\">ALL FOR MUMS FACEBOOK CSOPORT<\/h2>\n\n\n\n<p>Szolg\u00e1ltat\u00f3i z\u00e1rt csoport, ahol b\u00e1tran k\u00e9rhetsz seg\u00edts\u00e9get, vagy t\u00e1j\u00e9koz\u00f3dhatsz a t\u00f6bbi szolg\u00e1ltat\u00f3 fel\u0151l.<br>https:\/\/www.facebook.com\/groups\/allformums<\/p>\n\n\n\n<p><\/p>\n\n\n\n<h2 class=\"wp-block-heading\">BUGOT TAL\u00c1LT\u00c1L?<\/h2>\n\n\n\n<p>Bizony, mint minden indul\u00f3 oldal eset\u00e9ben, lehetnek hib\u00e1k. K\u00e9rj\u00fck, hogy jelezd ezt nek\u00fcnk!<br>K\u00e9sz\u00edtett\u00fcnk m\u00e1r interj\u00fat komoly hiba megtal\u00e1l\u00f3j\u00e1val, sz\u00f3val \u00e9rdemes sz\u00f3lni. Csak \u00edrj ide: mumpark@mumpark.hu. K\u00f6sz\u00f6nj\u00fck!<\/p>\n\n\n\n<hr class=\"wp-block-separator\"\/>\n\n\n\n<p><\/p>\n","protected":false},"excerpt":{"rendered":"<p>MI AZ ALL FOR MUMS? Az ALL FOR MUMS oldal a MUM PARK magazin kistestv\u00e9re. Mindk\u00e9t fel\u00fcleten a c\u00e9lunk az any\u00e1k seg\u00edt\u00e9se, mert mi t\u00e9nyleg az any\u00e1kkal vagyunk! Az ALL FOR MUMS oldalra azokat a szolg\u00e1ltat\u00f3kat gy\u0171jtj\u00fck, akik val\u00f3ban tudnak seg\u00edteni az any\u00e1knak. Legyenek b\u00e1rhol, legyen ak\u00e1r online, ak\u00e1r helyben l\u00e9v\u0151, ak\u00e1r h\u00e1zhozmen\u0151 a szolg\u00e1ltat\u00e1suk. [&hellip;]<\/p>\n","protected":false},"author":1,"featured_media":0,"parent":0,"menu_order":0,"comment_status":"closed","ping_status":"closed","template":"","meta":{"footnotes":""},"yoast_head":"<!-- This site is optimized with the Yoast SEO plugin v22.0 - https:\/\/yoast.com\/wordpress\/plugins\/seo\/ -->\n<title>Mi az ALL FOR MUMS? - ALL FOR MUMS<\/title>\n<meta name=\"robots\" content=\"index, follow, max-snippet:-1, max-image-preview:large, max-video-preview:-1\" \/>\n<link rel=\"canonical\" href=\"https:\/\/mumpark.hu\/szolgaltatasok\/mi-az-all-for-mums\/\" \/>\n<meta property=\"og:locale\" content=\"hu_HU\" \/>\n<meta property=\"og:type\" content=\"article\" \/>\n<meta property=\"og:title\" content=\"Mi az ALL FOR MUMS? - ALL FOR MUMS\" \/>\n<meta property=\"og:description\" content=\"MI AZ ALL FOR MUMS? Az ALL FOR MUMS oldal a MUM PARK magazin kistestv\u00e9re. Mindk\u00e9t fel\u00fcleten a c\u00e9lunk az any\u00e1k seg\u00edt\u00e9se, mert mi t\u00e9nyleg az any\u00e1kkal vagyunk! Az ALL FOR MUMS oldalra azokat a szolg\u00e1ltat\u00f3kat gy\u0171jtj\u00fck, akik val\u00f3ban tudnak seg\u00edteni az any\u00e1knak. Legyenek b\u00e1rhol, legyen ak\u00e1r online, ak\u00e1r helyben l\u00e9v\u0151, ak\u00e1r h\u00e1zhozmen\u0151 a szolg\u00e1ltat\u00e1suk. [&hellip;]\" \/>\n<meta property=\"og:url\" content=\"https:\/\/mumpark.hu\/szolgaltatasok\/mi-az-all-for-mums\/\" \/>\n<meta property=\"og:site_name\" content=\"ALL FOR MUMS\" \/>\n<meta property=\"article:publisher\" content=\"http:\/\/facebook.com\/mumpark.hu\" \/>\n<meta property=\"article:modified_time\" content=\"2022-05-11T17:33:20+00:00\" \/>\n<meta name=\"twitter:card\" content=\"summary_large_image\" \/>\n<meta name=\"twitter:label1\" content=\"Becs\u00fclt olvas\u00e1si id\u0151\" \/>\n\t<meta name=\"twitter:data1\" content=\"2 perc\" \/>\n<script type=\"application\/ld+json\" class=\"yoast-schema-graph\">{\"@context\":\"https:\/\/schema.org\",\"@graph\":[{\"@type\":\"WebPage\",\"@id\":\"https:\/\/mumpark.hu\/szolgaltatasok\/mi-az-all-for-mums\/\",\"url\":\"https:\/\/mumpark.hu\/szolgaltatasok\/mi-az-all-for-mums\/\",\"name\":\"Mi az ALL FOR MUMS? - ALL FOR MUMS\",\"isPartOf\":{\"@id\":\"https:\/\/mumpark.hu\/szolgaltatasok\/#website\"},\"datePublished\":\"2021-10-30T15:14:16+00:00\",\"dateModified\":\"2022-05-11T17:33:20+00:00\",\"breadcrumb\":{\"@id\":\"https:\/\/mumpark.hu\/szolgaltatasok\/mi-az-all-for-mums\/#breadcrumb\"},\"inLanguage\":\"hu\",\"potentialAction\":[{\"@type\":\"ReadAction\",\"target\":[\"https:\/\/mumpark.hu\/szolgaltatasok\/mi-az-all-for-mums\/\"]}]},{\"@type\":\"BreadcrumbList\",\"@id\":\"https:\/\/mumpark.hu\/szolgaltatasok\/mi-az-all-for-mums\/#breadcrumb\",\"itemListElement\":[{\"@type\":\"ListItem\",\"position\":1,\"name\":\"Kezd\u0151lap\",\"item\":\"https:\/\/mumpark.hu\/szolgaltatasok\/\"},{\"@type\":\"ListItem\",\"position\":2,\"name\":\"Mi az ALL FOR MUMS?\"}]},{\"@type\":\"WebSite\",\"@id\":\"https:\/\/mumpark.hu\/szolgaltatasok\/#website\",\"url\":\"https:\/\/mumpark.hu\/szolgaltatasok\/\",\"name\":\"ALL FOR MUMS\",\"description\":\"Minden, amire az any&aacute;knak sz&uuml;ks&eacute;ge lehet\",\"publisher\":{\"@id\":\"https:\/\/mumpark.hu\/szolgaltatasok\/#organization\"},\"potentialAction\":[{\"@type\":\"SearchAction\",\"target\":{\"@type\":\"EntryPoint\",\"urlTemplate\":\"https:\/\/mumpark.hu\/szolgaltatasok\/?s={search_term_string}\"},\"query-input\":\"required name=search_term_string\"}],\"inLanguage\":\"hu\"},{\"@type\":\"Organization\",\"@id\":\"https:\/\/mumpark.hu\/szolgaltatasok\/#organization\",\"name\":\"MUM PARK\",\"url\":\"https:\/\/mumpark.hu\/szolgaltatasok\/\",\"logo\":{\"@type\":\"ImageObject\",\"inLanguage\":\"hu\",\"@id\":\"https:\/\/mumpark.hu\/szolgaltatasok\/#\/schema\/logo\/image\/\",\"url\":\"https:\/\/mumpark.hu\/szolgaltatasok\/wp-content\/uploads\/2021\/02\/Copy-of-MUM-PARK-3.png\",\"contentUrl\":\"https:\/\/mumpark.hu\/szolgaltatasok\/wp-content\/uploads\/2021\/02\/Copy-of-MUM-PARK-3.png\",\"width\":670,\"height\":200,\"caption\":\"MUM PARK\"},\"image\":{\"@id\":\"https:\/\/mumpark.hu\/szolgaltatasok\/#\/schema\/logo\/image\/\"},\"sameAs\":[\"http:\/\/facebook.com\/mumpark.hu\",\"https:\/\/www.instagram.com\/mumpark.hu\/\"]}]}<\/script>\n<!-- \/ Yoast SEO plugin. -->","yoast_head_json":{"title":"Mi az ALL FOR MUMS? - ALL FOR MUMS","robots":{"index":"index","follow":"follow","max-snippet":"max-snippet:-1","max-image-preview":"max-image-preview:large","max-video-preview":"max-video-preview:-1"},"canonical":"https:\/\/mumpark.hu\/szolgaltatasok\/mi-az-all-for-mums\/","og_locale":"hu_HU","og_type":"article","og_title":"Mi az ALL FOR MUMS? - ALL FOR MUMS","og_description":"MI AZ ALL FOR MUMS? Az ALL FOR MUMS oldal a MUM PARK magazin kistestv\u00e9re. Mindk\u00e9t fel\u00fcleten a c\u00e9lunk az any\u00e1k seg\u00edt\u00e9se, mert mi t\u00e9nyleg az any\u00e1kkal vagyunk! Az ALL FOR MUMS oldalra azokat a szolg\u00e1ltat\u00f3kat gy\u0171jtj\u00fck, akik val\u00f3ban tudnak seg\u00edteni az any\u00e1knak. Legyenek b\u00e1rhol, legyen ak\u00e1r online, ak\u00e1r helyben l\u00e9v\u0151, ak\u00e1r h\u00e1zhozmen\u0151 a szolg\u00e1ltat\u00e1suk. [&hellip;]","og_url":"https:\/\/mumpark.hu\/szolgaltatasok\/mi-az-all-for-mums\/","og_site_name":"ALL FOR MUMS","article_publisher":"http:\/\/facebook.com\/mumpark.hu","article_modified_time":"2022-05-11T17:33:20+00:00","twitter_card":"summary_large_image","twitter_misc":{"Becs\u00fclt olvas\u00e1si id\u0151":"2 perc"},"schema":{"@context":"https:\/\/schema.org","@graph":[{"@type":"WebPage","@id":"https:\/\/mumpark.hu\/szolgaltatasok\/mi-az-all-for-mums\/","url":"https:\/\/mumpark.hu\/szolgaltatasok\/mi-az-all-for-mums\/","name":"Mi az ALL FOR MUMS? - ALL FOR MUMS","isPartOf":{"@id":"https:\/\/mumpark.hu\/szolgaltatasok\/#website"},"datePublished":"2021-10-30T15:14:16+00:00","dateModified":"2022-05-11T17:33:20+00:00","breadcrumb":{"@id":"https:\/\/mumpark.hu\/szolgaltatasok\/mi-az-all-for-mums\/#breadcrumb"},"inLanguage":"hu","potentialAction":[{"@type":"ReadAction","target":["https:\/\/mumpark.hu\/szolgaltatasok\/mi-az-all-for-mums\/"]}]},{"@type":"BreadcrumbList","@id":"https:\/\/mumpark.hu\/szolgaltatasok\/mi-az-all-for-mums\/#breadcrumb","itemListElement":[{"@type":"ListItem","position":1,"name":"Kezd\u0151lap","item":"https:\/\/mumpark.hu\/szolgaltatasok\/"},{"@type":"ListItem","position":2,"name":"Mi az ALL FOR MUMS?"}]},{"@type":"WebSite","@id":"https:\/\/mumpark.hu\/szolgaltatasok\/#website","url":"https:\/\/mumpark.hu\/szolgaltatasok\/","name":"ALL FOR MUMS","description":"Minden, amire az any&aacute;knak sz&uuml;ks&eacute;ge lehet","publisher":{"@id":"https:\/\/mumpark.hu\/szolgaltatasok\/#organization"},"potentialAction":[{"@type":"SearchAction","target":{"@type":"EntryPoint","urlTemplate":"https:\/\/mumpark.hu\/szolgaltatasok\/?s={search_term_string}"},"query-input":"required name=search_term_string"}],"inLanguage":"hu"},{"@type":"Organization","@id":"https:\/\/mumpark.hu\/szolgaltatasok\/#organization","name":"MUM PARK","url":"https:\/\/mumpark.hu\/szolgaltatasok\/","logo":{"@type":"ImageObject","inLanguage":"hu","@id":"https:\/\/mumpark.hu\/szolgaltatasok\/#\/schema\/logo\/image\/","url":"https:\/\/mumpark.hu\/szolgaltatasok\/wp-content\/uploads\/2021\/02\/Copy-of-MUM-PARK-3.png","contentUrl":"https:\/\/mumpark.hu\/szolgaltatasok\/wp-content\/uploads\/2021\/02\/Copy-of-MUM-PARK-3.png","width":670,"height":200,"caption":"MUM PARK"},"image":{"@id":"https:\/\/mumpark.hu\/szolgaltatasok\/#\/schema\/logo\/image\/"},"sameAs":["http:\/\/facebook.com\/mumpark.hu","https:\/\/www.instagram.com\/mumpark.hu\/"]}]}},"jetpack_sharing_enabled":true,"_links":{"self":[{"href":"https:\/\/mumpark.hu\/szolgaltatasok\/wp-json\/wp\/v2\/pages\/652"}],"collection":[{"href":"https:\/\/mumpark.hu\/szolgaltatasok\/wp-json\/wp\/v2\/pages"}],"about":[{"href":"https:\/\/mumpark.hu\/szolgaltatasok\/wp-json\/wp\/v2\/types\/page"}],"author":[{"embeddable":true,"href":"https:\/\/mumpark.hu\/szolgaltatasok\/wp-json\/wp\/v2\/users\/1"}],"replies":[{"embeddable":true,"href":"https:\/\/mumpark.hu\/szolgaltatasok\/wp-json\/wp\/v2\/comments?post=652"}],"version-history":[{"count":4,"href":"https:\/\/mumpark.hu\/szolgaltatasok\/wp-json\/wp\/v2\/pages\/652\/revisions"}],"predecessor-version":[{"id":1116,"href":"https:\/\/mumpark.hu\/szolgaltatasok\/wp-json\/wp\/v2\/pages\/652\/revisions\/1116"}],"wp:attachment":[{"href":"https:\/\/mumpark.hu\/szolgaltatasok\/wp-json\/wp\/v2\/media?parent=652"}],"curies":[{"name":"wp","href":"https:\/\/api.w.org\/{rel}","templated":true}]}}